r of b and z.
12
Suppose 5*h = 6*h - y - 10, 62 = 2*h + 4*y. Calculate the greatest common divisor of h and 1139.
17
Suppose 0 = 3*r + 753 - 789. Let t be 1854/4 + (-18)/r. What is the highest common divisor of 21 and t?
21
Suppose -3*v = 2*y + 16, -19 + 28 = -2*v - y. Let m be (-3 + (v - 0))/(-1). What is the greatest common divisor of m and 3?
1
Let w = -703 + 995. Let z = w + -229. What is the highest common divisor of 90 and z?
9
Suppose 2*i - 342 = 2*r, -i - 2078*r + 2080*r = -171. Calculate the greatest common factor of 1962 and i.
9
Let u = -1 + 6. Suppose 4*d + 5*x = x + 408, -4*d - u*x = -407. Calculate the highest common divisor of d and 1339.
103
Let c = 3677 + -3635. Calculate the greatest common divisor of c and 56.
14
Let i be 9*(-2)/(-6)*16/6. Let h be 7 + 226 + 8 + 7. What is the highest common divisor of h and i?
8
Let w be (4/(-9))/2 - 146/(-9). Suppose 5*y - 116 = -w. Suppose 5 = -5*l - 5*x, 5*x + 0 + 15 = 0. What is the highest common factor of l and y?
2
Let t(m) = -m + 161. Let u be t(0). Suppose 0 = 18*g + 3*g - 533 - 433. Calculate the greatest common divisor of u and g.
23
Let w be (-117)/26*(-20)/(-75)*-25. Calculate the greatest common divisor of w and 2712.
6
Suppose -5*k - 20 = 0, -234 = -5*i + 445*k - 444*k. What is the greatest common divisor of 11546 and i?
46
Let c(l) = l**3 - 31*l**2 - 4*l + 130. Let o be c(31). Let p be 3/o*-2*(5 + -41). Calculate the greatest common factor of p and 198.
18
Let y be -8 + (3 - (-10 - -2)). Let q be 1215/18*(1 + y). Calculate the greatest common factor of 20 and q.
10
Suppose 0 = -3*s - 4*a + 9 - 23, -11 = 2*s + 3*a. What is the greatest common divisor of s and 310?
2
Suppose 361*a + 13*a - 6804 = -4*a. Let l(h) = h**2 - 5*h - 5. Let j be l(6). Let g be j/5 - 178/(-10). Calculate the highest common factor of g and a.
18
Let q = -1923 - -2099. Let l be 3/24 - 2111/(-8). What is the greatest common factor of l and q?
88
Suppose 2*f + 65 = 7*f. Suppose 0 = 4*p - f*p + 3357. Let c = -247 + p. Calculate the highest common factor of c and 14.
14
Let u(o) = -34*o - 69. Let b be u(4). Let f = b + 225. Calculate the highest common divisor of 5 and f.
5
Let c(h) = -h**3 + 88*h**2 + 15. Let x be c(88). Calculate the highest common factor of x and 12750.
15
Let w(d) = d**2 + 6*d - 4. Let r be w(-7). Suppose -222 = y + r*v - 2*v, -4*v + 8 = 0. Let u be y/3*(-6)/4. Calculate the greatest common factor of 7 and u.
7
Let m = 494 + -483. Let n(o) = 9*o - 93. Let x be n(m). What is the greatest common divisor of 42 and x?
6
Let x = -3538 + 13141. Calculate the highest common factor of x and 99.
99
Suppose -7*l + 12*l = 135. Suppose -l = -3*g + 60. Calculate the greatest common factor of g and 29.
29
Suppose 4*i - 3*i - 5*u - 2055 = 0, 5*i - 10527 = -3*u. Calculate the greatest common divisor of i and 2900.
100
Let r(l) be the second derivative of -l**3/6 + 47*l**2/2 + l - 1. Let q be r(7). Calculate the greatest common factor of 30 and q.
10
Let a(s) = 4*s**3 - 662*s**2 - 325*s - 1110. Let o be a(166). Let n = -155 + 623. What is the greatest common divisor of o and n?
52
Let m(p) = 3*p**3 + 3*p**2 - 7*p - 3. Let f be m(4). What is the highest common factor of 517 and f?
11
Let r be (-7 - -1)*95/(-38)*(-13)/(-5). What is the highest common factor of r and 27339?
39
Let i be 11 - 5 - 51*-1. Suppose i*u = 29*u + 672. What is the greatest common factor of 768 and u?
24
Let m(t) = t**2 - t - 2. Let q be m(4). Suppose -5*r - 48 = -r. Let z be r*((-10)/(-18))/(2/(-6)). What is the highest common factor of z and q?
10
Suppose 10*c = -17 + 117. Let s(f) = -73*f. Let x(d) = 73*d + 1. Let b(w) = -2*s(w) - 3*x(w). Let t be b(-1). Calculate the highest common factor of t and c.
10
Let y(q) = 111*q - 699. Let l be y(7). Calculate the greatest common divisor of l and 249.
3
Let m(h) = h**3 + 20*h**2 - 43*h - 555. Let i be m(-16). Calculate the greatest common factor of i and 26.
13
Let n = -4298 + 4362. Suppose 12 = 2*f - 74. Suppose 5*h = -5*i + f + 57, -48 = -2*i - 4*h. Calculate the greatest common factor of i and n.
16
Suppose 618*x = 575*x + 12900. What is the highest common factor of x and 148?
4
Suppose i = -4*k + 753, -2*i - k + 16 + 1511 = 0. Suppose 0 = -18*o + 13*o + i. Let r = 432 - 415. What is the highest common divisor of r and o?
17
Let m(f) = 9*f - 7. Let y be m(4). Let t = 727 + -669. What is the greatest common factor of y and t?
29
Suppose 5*q = 2*v + 2941, -v = -4*q + 2*v + 2357. Suppose -j - q = -4*i, 4*j + 80 + 48 = i. What is the highest common factor of 37 and i?
37
Suppose -c + 24994 = 5*q, -42*q + 5*c + 10030 = -40*q. What is the greatest common divisor of 800 and q?
200
Let p(b) = 18*b - 3. Let u be p(6). Let m(t) = -11*t + 216. Let c be m(19). Suppose 0*w + u = c*w. Calculate the greatest common factor of w and 255.
15
Suppose 5*a - 43 = -0*a + 3*f, -f = 5*a - 39. Suppose -a*k = 5*k - 104. What is the highest common divisor of 56 and k?
8
Let w(n) = n**3 + 5*n**2 + 5*n - 1. Let i be w(-3). Let j(a) = -34*a - 1. Let o be j(-1). Let z = i + o. What is the highest common divisor of 70 and z?
35
Let q(t) = 47*t**2 - 1315*t + 38. Let l be q(28). What is the highest common factor of 231 and l?
33
Suppose -k - 3*n = -368, 0*n + 748 = 2*k + 3*n. Suppose 3*x = 0, -k = -j - 0*j - 4*x. Calculate the highest common factor of j and 20.
20
Let r(x) be the third derivative of -x**6/120 - 2*x**5/15 + 59*x**3/6 + x**2 + 46. Let h be r(-9). Calculate the greatest common factor of h and 105.
35
Let r(q) = 76*q + 996. Let f be r(-11). Calculate the highest common factor of 105 and f.
5
Let i(p) be the first derivative of -p**3/3 - 10*p**2 + 22*p + 8. Let h be i(-20). Suppose -3*j + 210 = 45. What is the highest common factor of h and j?
11
Let k(s) = 7*s**3 - 33*s**2 - 7*s + 12. Let l be k(8). Calculate the highest common divisor of l and 70.
14
Suppose -22921*j = -22918*j - 402. Calculate the greatest common factor of j and 12931.
67
Suppose u - 80 = -23. Let p(m) = 2*m**2 - 111*m - 76. Let h be p(57). Calculate the highest common factor of h and u.
19
Suppose 211*i - 116571 - 71272 = 62825. What is the greatest common divisor of 451 and i?
11
Suppose 1312 = 26*f - 664. Calculate the highest common divisor of 133 and f.
19
Let h(g) = -85*g**3 + 27*g + 45. Let n be h(-2). What is the highest common divisor of 244 and n?
61
Suppose -8*a + 2903 = -13281. What is the greatest common divisor of a and 7?
7
Let l = -24981 + 25072. What is the greatest common divisor of l and 1417?
13
Let t be (10 - -2)/(72/28890). Calculate the highest common divisor of 135 and t.
45
Let a(u) = u**2 - 2*u + 2. Let j be a(-2). Let r be (-8178)/(-78) - 2/(-13). Suppose -j*z = -13*z + r. Calculate the greatest common divisor of z and 315.
35
Let w = 95 - 87. Let k(r) = -3*r + 62. Let o be k(18). Let p(x) = -2*x**2 + 17*x + 8. Let u be p(o). What is the greatest common divisor of w and u?
8
Let f(a) be the second derivative of -43*a**3/3 + 55*a**2/2 + 5*a + 1. Let q be f(-4). What is the highest common factor of 57 and q?
57
Suppose -3*a + 2*a = 4*w - 548, 2*a + 422 = 3*w. Suppose 3*z - 66 - w = 0. What is the greatest common factor of z and 17?
17
Suppose -22*j = -19*j - 3*b - 21, -b + 5 = 0. Let i be 64*(-1 - (-12)/8). Let l be ((-24)/5)/(i/(-80)). Calculate the greatest common factor of l and j.
12
Let y(b) = 794*b - 2. Let o be y(1). Suppose -k = -4*x - o, -894 - 1427 = -3*k + x. Suppose 172 = -15*a + k. What is the greatest common divisor of a and 160?
40
Suppose -4*h - 12 = -7*h. Suppose h*r - 56 = -10*r. Let c be 2/(((-6)/r)/(-3)). Calculate the highest common divisor of c and 2.
2
Suppose 37*h = 53*h - 32. What is the highest common factor of h and 23?
1
Let x be (2/(-6))/(21/126) - -135. Let u = x - 116. Calculate the greatest common factor of u and 17.
17
Suppose 352 = 20*n - 12*n. Let d = 840 - 356. Calculate the greatest common factor of d and n.
44
Suppose 3*i - 2*i - 5*p - 58 = 0, -5*i + p = -338. Let j be 3*i/6 + (14 - 13). Calculate the greatest common divisor of j and 14.
7
Let r = 321 + 66. Let c be ((-36)/(-20))/((-14)/1540*-11). What is the greatest common factor of r and c?
9
Let h be 363/(-2)*(1050/(-9))/7. What is the highest common factor of h and 121?
121
Let v(g) = 7*g - 50. Let o = -118 + 129. L